{"id":653,"date":"2019-02-14T20:07:51","date_gmt":"2019-02-14T20:07:51","guid":{"rendered":"https:\/\/tierheilpraxis-lengerich.de\/?page_id=653"},"modified":"2019-03-01T03:56:20","modified_gmt":"2019-03-01T03:56:20","slug":"anwendungsbereiche-der-sole-ionen-sauerstoff-inhalation","status":"publish","type":"page","link":"https:\/\/tierheilpraxis-lengerich.de\/?page_id=653","title":{"rendered":"Anwendungsbereiche der Sole-Ionen-Sauerstoff-Inhalation"},"content":{"rendered":"\n<p><strong>Die Einsatzm\u00f6glichkeit<\/strong> erstreckt sich \u00fcber die <\/p>\n\n\n\n<ul class=\"wp-block-list\"><li><strong>gesamte Bandbreite der Atemwegerkrankungen<\/strong>: <ul><li>Erkrankungen der Nebenh\u00f6hlen, des Kehlkopfes, der Luftr\u00f6hre, der Bronchien sowie der Lungenalveolen. Dabei ist sowohl der allergische Formenkreis, wie auch eine chronische Bronchitis therapierbar.<\/li><\/ul><\/li><\/ul>\n\n\n\n<ul class=\"wp-block-list\"><li>Durch das Eindringen von Salzpartikeln in die Haut kann es die <strong>Therapie vieler Hauterkrankungen unterst\u00fctzen:<\/strong> <ul><li>Sommerekzem, Allergien, Psoriasis, Entz\u00fcndungen, Pilzerkrankungen, trockene Haut etc.<\/li><\/ul><\/li><\/ul>\n\n\n\n<ul class=\"wp-block-list\"><li>Weiterhin <strong>st\u00e4rkt es das Immunsystem und erh\u00f6ht die Durchblutung und die Leistungsf\u00e4higkeit:<\/strong><ul><li>Dadurch kann es als begleitende Therapie bei vielen Alterserscheinungen und Inneren Erkrankungen eingesetzt werden: <\/li><li>Arthritis, Arthrose, Rheuma, <strong>Ersch\u00f6pfungszust\u00e4nde<\/strong>, Magen-Darmerkrankungen, Diabetes. <\/li><\/ul><\/li><\/ul>\n\n\n\n<p style=\"text-align:right\"> zur\u00fcck zu: <a href=\"https:\/\/tierheilpraxis-lengerich.de\/?page_id=245\"><em>Weiteres zur Sole-Ionen-Sauerstoff-Inhalationskammer<\/em><\/a><\/p>\n","protected":false},"excerpt":{"rendered":"<p>Die Einsatzm\u00f6glichkeit erstreckt sich \u00fcber die gesamte Bandbreite der Atemwegerkrankungen: Erkrankungen der Nebenh\u00f6hlen, des Kehlkopfes, der Luftr\u00f6hre, der Bronchien sowie der Lungenalveolen. Dabei ist sowohl der allergische Formenkreis, wie auch eine chronische Bronchitis therapierbar. Durch das Eindringen von Salzpartikeln in die Haut kann es die Therapie vieler Hauterkrankungen unterst\u00fctzen: Sommerekzem, Allergien, Psoriasis, Entz\u00fcndungen, Pilzerkrankungen, trockene &hellip; <a href=\"https:\/\/tierheilpraxis-lengerich.de\/?page_id=653\" class=\"more-link\"><span class=\"screen-reader-text\">Anwendungsbereiche der Sole-Ionen-Sauerstoff-Inhalation<\/span> weiterlesen<\/a><\/p>\n","protected":false},"author":1,"featured_media":0,"parent":0,"menu_order":0,"comment_status":"closed","ping_status":"closed","template":"","meta":{"footnotes":""},"class_list":["post-653","page","type-page","status-publish","hentry"],"_links":{"self":[{"href":"https:\/\/tierheilpraxis-lengerich.de\/index.php?rest_route=\/wp\/v2\/pages\/653","targetHints":{"allow":["GET"]}}],"collection":[{"href":"https:\/\/tierheilpraxis-lengerich.de\/index.php?rest_route=\/wp\/v2\/pages"}],"about":[{"href":"https:\/\/tierheilpraxis-lengerich.de\/index.php?rest_route=\/wp\/v2\/types\/page"}],"author":[{"embeddable":true,"href":"https:\/\/tierheilpraxis-lengerich.de\/index.php?rest_route=\/wp\/v2\/users\/1"}],"replies":[{"embeddable":true,"href":"https:\/\/tierheilpraxis-lengerich.de\/index.php?rest_route=%2Fwp%2Fv2%2Fcomments&post=653"}],"version-history":[{"count":9,"href":"https:\/\/tierheilpraxis-lengerich.de\/index.php?rest_route=\/wp\/v2\/pages\/653\/revisions"}],"predecessor-version":[{"id":1105,"href":"https:\/\/tierheilpraxis-lengerich.de\/index.php?rest_route=\/wp\/v2\/pages\/653\/revisions\/1105"}],"wp:attachment":[{"href":"https:\/\/tierheilpraxis-lengerich.de\/index.php?rest_route=%2Fwp%2Fv2%2Fmedia&parent=653"}],"curies":[{"name":"wp","href":"https:\/\/api.w.org\/{rel}","templated":true}]}}