{"id":646,"date":"2019-02-14T20:49:48","date_gmt":"2019-02-14T20:49:48","guid":{"rendered":"https:\/\/tierheilpraxis-lengerich.de\/?page_id=646"},"modified":"2019-03-01T03:47:08","modified_gmt":"2019-03-01T03:47:08","slug":"wieso-hat-die-sole-ionen-sauerstoff-inhalation-so-eine-grosse-anwendungsspannbreite","status":"publish","type":"page","link":"https:\/\/tierheilpraxis-lengerich.de\/?page_id=646","title":{"rendered":"Wieso hat die Sole-Ionen-Sauerstoff-Inhalation so eine gro\u00dfe Anwendungsspannbreite"},"content":{"rendered":"<p><!--StartFragment--><\/p>\n\n\n<p>Wenn man sich mal vor Augen h\u00e4lt, wof\u00fcr die Lunge bzw. der durch die Lunge aufgenommene Sauerstoff im Organismus gebraucht wird, ist die Vielzahl der Einsatzgebiete meiner Sole-Ionen-Sauerstoff-Inhalationskammer nachvollziehbar.<\/p>\n\n\n\n<h2 class=\"wp-block-heading\"><a>Zusammenh\u00e4nge\nzwischen der Lunge und dem restlichen K\u00f6rper<\/a><\/h2>\n\n\n\n<p>Eine Erkrankung der Lunge bzw. des\nAtmungsapparates macht nicht an den Grenzen dieses Systems halt, sondern die\nLungenfunktionen beeinflussen den gesamten Organismus. Dieses kann man sich\nfolgenderma\u00dfen vorstellen:<\/p>\n\n\n\n<p>Jede K\u00f6rperzelle verrichtet st\u00e4ndig ihre\nArbeit. Die Herzmuskelzellen pumpen kontinuierlich, die Nierenzellen sorgen f\u00fcr\ndie Ausscheidung von im Organismus nicht ben\u00f6tigter Stoffe, die Leberzellen\ns\u00e4ubern das Blut, bauen viele Stoffe um und lagern viele wichtige Produkte ein\nusw. <\/p>\n\n\n\n<p>Damit diese Zellen ihre Arbeit\nverrichten k\u00f6nnen, ben\u00f6tigt jede einzelne Zelle Energie. Diese Energie k\u00f6nnen\ndie Zellen durch ihre eigenen kleinen Kraftwerke (Mitochondrien) selber\nproduzieren. Hierf\u00fcr werden die Brennmaterialien, die durch die Nahrung\nzugef\u00fcgt werden, in ihren Mitochondrien verbrannt. Genauso wie bei einem Feuer\nin unserer Au\u00dfenwelt, brauchen die K\u00f6rperzellen zur Verbrennung auch\nSauerstoff. Dieser Sauerstoff wird durch die Lunge dem K\u00f6rper zur Verf\u00fcgung\ngestellt. <\/p>\n\n\n\n<p>Bei einer reduzierten Funktion des\nAtmungstraktes wird logischerweise der gesamte Organismus ausgebremst,\nangefangen von einem k\u00f6rperlichen Leistungsverlust und geistiger\nAbgeschlagenheit, \u00fcber reduzierten Stoffwechsel bis hin zum Abbau der\nEnergiereserven. Das Pferd magert dadurch ab und verliert an Muskelmasse.<\/p>\n\n\n\n<p>Bei der Energiegewinnung mittels\nVerbrennung entsteht in den K\u00f6rperzellen, genauso wie in unserer Au\u00dfenwelt,\nKohlendioxid. Dies ist ein Abfallprodukt, das ausgeschieden werden muss. Um von\nden einzelnen K\u00f6rperzellen abtransportiert werden zu k\u00f6nnen, wird das\nKohlendioxid an das H\u00e4moglobin der roten Blutk\u00f6rperchen (Mitfahrgelegenheit)\ngebunden. Nun wird das Kohlendioxid zur Lunge geschleust. Hier kann es, durch\ndie Ausatemluft, den K\u00f6rper verlassen.<\/p>\n\n\n\n<p>Verbleibt zu viel Kohlendioxid im Blut, weil die Lungenfunktion herabgesetzt ist, verschiebt sich der S\u00e4ure-Basen-Haushalt aufgrund des Kohlendioxids zum Sauren. \u201eNun m\u00fcssen die anderen Ausscheidungsorgane (Niere, Haut und Darm) versuchen, das Gleichgewicht wiederherzustellen. Gelingt es nicht, folgt eine gesteigerte Infektanf\u00e4lligkeit, Herzrhythmusst\u00f6rungen und vermehrtes Schlafbed\u00fcrfnis\u201c. [COPD &amp; Lunge e. V.: Sauerstoff \u2013 Ein wichtiger Stoff zum Leben; <a href=\"http:\/\/www.copdundlunge.de\/suche.html?keywords=sauerstoff&amp;query_type=and\">http:\/\/www.copdundlunge.de\/suche.html?keywords=sauerstoff&amp;query_type=and<\/a>] <\/p>\n\n\n\n<p>Hinzu kommt ein schlechter Zustand von\nHaut, Fell, Hufen, Z\u00e4hnen und des Bindegewebes. Auch andere Erkrankungen gehen,\nlaut Beobachtungen der Heilpraktikerin Sabine Wacker, mit einer chronischen\n\u00dcbers\u00e4uerung einher. \u201eDazu geh\u00f6ren unter anderem Allergien,\nMagen-Darm-St\u00f6rungen, Migr\u00e4ne, Entz\u00fcndungen, Gicht und Rheuma.\u201c Durch diese\nAzidose (\u00dcbers\u00e4uerung) wird das empfindliche Gleichgewicht im K\u00f6rper noch\nweiter gest\u00f6rt und die F\u00e4higkeit der Sauerstoffbindung wird reduziert, wodurch\nnoch weniger lebenswichtiger Sauerstoff zu den K\u00f6rperzellen bef\u00f6rdert werden\nkann.<\/p>\n\n\n\n<p>Eine Erkrankung des Atmungstraktes kann folglich im gesamten Organismus Folgeerkrankungen ausl\u00f6sen. Somit kann eine Behandlung der erkrankten Lunge auch die Folgen reduzieren.<\/p>\n\n\n\n<p style=\"text-align:right\">weiter lesen: <a href=\"https:\/\/tierheilpraxis-lengerich.de\/?page_id=653\"><em>Anwendungsbereiche der Sole-Ionen- Sauerstoff- Inhalation<\/em><\/a><\/p>\n\n\n<p><!--EndFragment--><\/p>\n<p><\/p>","protected":false},"excerpt":{"rendered":"<p>Wenn man sich mal vor Augen h\u00e4lt, wof\u00fcr die Lunge bzw. der durch die Lunge aufgenommene Sauerstoff im Organismus gebraucht wird, ist die Vielzahl der Einsatzgebiete meiner Sole-Ionen-Sauerstoff-Inhalationskammer nachvollziehbar. Zusammenh\u00e4nge zwischen der Lunge und dem restlichen K\u00f6rper Eine Erkrankung der Lunge bzw. des Atmungsapparates macht nicht an den Grenzen dieses Systems halt, sondern die Lungenfunktionen &hellip; <a href=\"https:\/\/tierheilpraxis-lengerich.de\/?page_id=646\" class=\"more-link\"><span class=\"screen-reader-text\">Wieso hat die Sole-Ionen-Sauerstoff-Inhalation so eine gro\u00dfe Anwendungsspannbreite<\/span> weiterlesen<\/a><\/p>\n","protected":false},"author":1,"featured_media":0,"parent":0,"menu_order":0,"comment_status":"closed","ping_status":"closed","template":"","meta":{"footnotes":""},"class_list":["post-646","page","type-page","status-publish","hentry"],"_links":{"self":[{"href":"https:\/\/tierheilpraxis-lengerich.de\/index.php?rest_route=\/wp\/v2\/pages\/646","targetHints":{"allow":["GET"]}}],"collection":[{"href":"https:\/\/tierheilpraxis-lengerich.de\/index.php?rest_route=\/wp\/v2\/pages"}],"about":[{"href":"https:\/\/tierheilpraxis-lengerich.de\/index.php?rest_route=\/wp\/v2\/types\/page"}],"author":[{"embeddable":true,"href":"https:\/\/tierheilpraxis-lengerich.de\/index.php?rest_route=\/wp\/v2\/users\/1"}],"replies":[{"embeddable":true,"href":"https:\/\/tierheilpraxis-lengerich.de\/index.php?rest_route=%2Fwp%2Fv2%2Fcomments&post=646"}],"version-history":[{"count":7,"href":"https:\/\/tierheilpraxis-lengerich.de\/index.php?rest_route=\/wp\/v2\/pages\/646\/revisions"}],"predecessor-version":[{"id":1103,"href":"https:\/\/tierheilpraxis-lengerich.de\/index.php?rest_route=\/wp\/v2\/pages\/646\/revisions\/1103"}],"wp:attachment":[{"href":"https:\/\/tierheilpraxis-lengerich.de\/index.php?rest_route=%2Fwp%2Fv2%2Fmedia&parent=646"}],"curies":[{"name":"wp","href":"https:\/\/api.w.org\/{rel}","templated":true}]}}