{"id":540,"date":"2019-01-05T22:36:04","date_gmt":"2019-01-05T22:36:04","guid":{"rendered":"https:\/\/tierheilpraxis-lengerich.de\/?page_id=540"},"modified":"2019-02-28T21:08:52","modified_gmt":"2019-02-28T21:08:52","slug":"gross-und-kleintiere","status":"publish","type":"page","link":"https:\/\/tierheilpraxis-lengerich.de\/?page_id=540","title":{"rendered":"Pferde und Kleintiere"},"content":{"rendered":"\n<p style=\"text-align:center\">Aufgrund meiner Lebensgeschichte liegt nat\u00fcrlich der Schwerpunkt meiner mobilen Tierheilpraxis in der Behandlung von <\/p>\n\n\n\n<p style=\"text-align:center\"> Pferden.<\/p>\n\n\n\n<p style=\"text-align:center\">Aber auch Hunde, Katzen und <br>vereinzelt ganz andere Tierarten geh\u00f6ren zu meinen Patienten.<\/p>\n\n\n\n<p style=\"text-align:center\">Falls Ihr Tier nicht zu den oben aufgef\u00fchrten Tierarten z\u00e4hlt, ist eine Therapie nicht ausgeschlossen. <br>Rufen Sie mich doch einfach an: 0170 65 14 104<\/p>\n\n\n\n<p style=\"text-align:right\">zur\u00fcck zu: <em><a href=\"https:\/\/tierheilpraxis-lengerich.de\/?page_id=161\">Einblicke in die Tierheilpraxis Annette Bluhm<\/a><\/em><\/p>\n","protected":false},"excerpt":{"rendered":"<p>Aufgrund meiner Lebensgeschichte liegt nat\u00fcrlich der Schwerpunkt meiner mobilen Tierheilpraxis in der Behandlung von Pferden. Aber auch Hunde, Katzen und vereinzelt ganz andere Tierarten geh\u00f6ren zu meinen Patienten. Falls Ihr Tier nicht zu den oben aufgef\u00fchrten Tierarten z\u00e4hlt, ist eine Therapie nicht ausgeschlossen. Rufen Sie mich doch einfach an: 0170 65 14 104<\/p>\n","protected":false},"author":1,"featured_media":0,"parent":0,"menu_order":0,"comment_status":"closed","ping_status":"closed","template":"","meta":{"footnotes":""},"class_list":["post-540","page","type-page","status-publish","hentry"],"_links":{"self":[{"href":"https:\/\/tierheilpraxis-lengerich.de\/index.php?rest_route=\/wp\/v2\/pages\/540","targetHints":{"allow":["GET"]}}],"collection":[{"href":"https:\/\/tierheilpraxis-lengerich.de\/index.php?rest_route=\/wp\/v2\/pages"}],"about":[{"href":"https:\/\/tierheilpraxis-lengerich.de\/index.php?rest_route=\/wp\/v2\/types\/page"}],"author":[{"embeddable":true,"href":"https:\/\/tierheilpraxis-lengerich.de\/index.php?rest_route=\/wp\/v2\/users\/1"}],"replies":[{"embeddable":true,"href":"https:\/\/tierheilpraxis-lengerich.de\/index.php?rest_route=%2Fwp%2Fv2%2Fcomments&post=540"}],"version-history":[{"count":3,"href":"https:\/\/tierheilpraxis-lengerich.de\/index.php?rest_route=\/wp\/v2\/pages\/540\/revisions"}],"predecessor-version":[{"id":1082,"href":"https:\/\/tierheilpraxis-lengerich.de\/index.php?rest_route=\/wp\/v2\/pages\/540\/revisions\/1082"}],"wp:attachment":[{"href":"https:\/\/tierheilpraxis-lengerich.de\/index.php?rest_route=%2Fwp%2Fv2%2Fmedia&parent=540"}],"curies":[{"name":"wp","href":"https:\/\/api.w.org\/{rel}","templated":true}]}}