{"id":479,"date":"2019-01-04T17:28:26","date_gmt":"2019-01-04T17:28:26","guid":{"rendered":"https:\/\/tierheilpraxis-lengerich.de\/?page_id=479"},"modified":"2019-03-10T19:42:52","modified_gmt":"2019-03-10T19:42:52","slug":"was-ist-anders-in-der-alternativen-medizin","status":"publish","type":"page","link":"https:\/\/tierheilpraxis-lengerich.de\/?page_id=479","title":{"rendered":"Was ist anders in der alternativen Medizin?"},"content":{"rendered":"\n<p>In der Alternativ Medizin werden nicht nur organischen Erkrankungen behandelt, sondern es wird der Patient und seine Situation ganzheitlich betrachtet. Man versucht auch durch m\u00f6gliche Verbesserungen entfernterer kleiner Leiden (z. B. an Z\u00e4hnen, Hufe m\u00f6glicherweise unter zu Hilfenahme weiterer Fachleute), aber auch durch Ver\u00e4nderungen in der Ern\u00e4hrung, Haltung oder Trainingsvarianten eine Ver\u00e4nderung bzw. Stabilisierung des Gesundheitszustandes zu erreichen.<\/p>\n\n\n\n<p><strong>Allen naturheilkundliche Therapieformen<\/strong> (ob \u00fcber Pr\u00e4parate oder durch Manipulationen mittels Hand, Nadel etc.) haben eine Gemeinsamkeit: Sie wollen alle auf ihre eigene Art und Weise <strong>die reduzierten Regenerationskr\u00e4fte des erkrankten K\u00f6rpers st\u00e4rken, so das eine Besserung m\u00f6glich ist<\/strong>. <\/p>\n\n\n\n<p>Im Gegensatz dazu wirken <strong>viele allopatische (schulmedizinsch) verwendete Pr\u00e4parate<\/strong> <strong>sypmtomreduzierend<\/strong> (z.B. Husten)<strong> oder ursachenreduzierend<\/strong> z.B. Antibiotika (gegen bakterielle Infektionen), Antimykotika (gegen Pilzinfektionen) etc.. Dadurch braucht der erkrankte Organismus nicht an so vielen Fronten k\u00e4mpfen und kann sich schneller erholen.<\/p>\n\n\n\n<p><strong>Es gibt immer wieder schwere Erkrankungen, bei denen die schulmedizinsichen Pr\u00e4parate das Mittel der Wahl sind. <\/strong><\/p>\n\n\n\n<p><strong>Aber<\/strong> leider haben diese hervorragenden Mittel auch <strong>Nebenwirkungen, die den K\u00f6rper schw\u00e4chen<\/strong>: z.B. sch\u00e4digen Antibiotika auch die guten Darmbakterien. <\/p>\n\n\n\n<p>Durch einen <strong>zu laschen Umgang mit diesen wichtigen schulmedizinischen Pr\u00e4paraten<\/strong> k\u00f6nnen die zu bek\u00e4mpfenden Bakterien lernen wie sie sich gegen ihren Gegener abschirmen k\u00f6nnen, so dass dann z. B. <strong>multiresistente Erreger (Krankenhauskeime, MRE) entwickeln<\/strong>. Deswegen sollten <strong>diese teils lebenswichtigen Mittel nur bei absoluter Notwendigkeit ganz gewissenhaft eingesetzt werden<\/strong>.<\/p>\n\n\n\n<p>Wenn der Organismus des Tieres zu schwach ist, sollte man ihn in seinem Bem\u00fchen zur Regeneration unterst\u00fctzen. \u201eEgal ob man allopathische (schulmedizinische) oder alternativmedizinische Medikamente oder Heilmethoden einsetzt, das Medikament selber heilt nicht direkt, sondern erleichtert dem K\u00f6rper den Weg der Heilung.\u201c [Fidele, Dr.: Vortr\u00e4ge auf der Equitana 2017 zur alternativen Medizin] <\/p>\n\n\n\n<p style=\"text-align:left\">Da der K\u00f6rper f\u00fcr eine erfolgreiche Regeneration viele Baustoffe und Energie ben\u00f6tigt, ist w\u00e4hrend und nach jeder abgeklungenen Erkrankung auf eine ausreichende Ern\u00e4hrung, der Baustoffzufuhr f\u00fcr die Zellen und auf eine stresslose Erholungsphase zu achten.<\/p>\n\n\n\n<p style=\"text-align:right\"><em>Weiter: <a href=\"https:\/\/tierheilpraxis-lengerich.de\/?page_id=167\">Allgemeines zur Alternativmedizin<\/a><\/em><\/p>\n","protected":false},"excerpt":{"rendered":"<p>In der Alternativ Medizin werden nicht nur organischen Erkrankungen behandelt, sondern es wird der Patient und seine Situation ganzheitlich betrachtet. Man versucht auch durch m\u00f6gliche Verbesserungen entfernterer kleiner Leiden (z. B. an Z\u00e4hnen, Hufe m\u00f6glicherweise unter zu Hilfenahme weiterer Fachleute), aber auch durch Ver\u00e4nderungen in der Ern\u00e4hrung, Haltung oder Trainingsvarianten eine Ver\u00e4nderung bzw. Stabilisierung des &hellip; <a href=\"https:\/\/tierheilpraxis-lengerich.de\/?page_id=479\" class=\"more-link\"><span class=\"screen-reader-text\">Was ist anders in der alternativen Medizin?<\/span> weiterlesen<\/a><\/p>\n","protected":false},"author":1,"featured_media":0,"parent":0,"menu_order":0,"comment_status":"closed","ping_status":"closed","template":"","meta":{"footnotes":""},"class_list":["post-479","page","type-page","status-publish","hentry"],"_links":{"self":[{"href":"https:\/\/tierheilpraxis-lengerich.de\/index.php?rest_route=\/wp\/v2\/pages\/479","targetHints":{"allow":["GET"]}}],"collection":[{"href":"https:\/\/tierheilpraxis-lengerich.de\/index.php?rest_route=\/wp\/v2\/pages"}],"about":[{"href":"https:\/\/tierheilpraxis-lengerich.de\/index.php?rest_route=\/wp\/v2\/types\/page"}],"author":[{"embeddable":true,"href":"https:\/\/tierheilpraxis-lengerich.de\/index.php?rest_route=\/wp\/v2\/users\/1"}],"replies":[{"embeddable":true,"href":"https:\/\/tierheilpraxis-lengerich.de\/index.php?rest_route=%2Fwp%2Fv2%2Fcomments&post=479"}],"version-history":[{"count":9,"href":"https:\/\/tierheilpraxis-lengerich.de\/index.php?rest_route=\/wp\/v2\/pages\/479\/revisions"}],"predecessor-version":[{"id":1154,"href":"https:\/\/tierheilpraxis-lengerich.de\/index.php?rest_route=\/wp\/v2\/pages\/479\/revisions\/1154"}],"wp:attachment":[{"href":"https:\/\/tierheilpraxis-lengerich.de\/index.php?rest_route=%2Fwp%2Fv2%2Fmedia&parent=479"}],"curies":[{"name":"wp","href":"https:\/\/api.w.org\/{rel}","templated":true}]}}