{"id":301,"date":"2019-01-03T21:17:33","date_gmt":"2019-01-03T21:17:33","guid":{"rendered":"https:\/\/tierheilpraxis-lengerich.de\/?page_id=301"},"modified":"2019-03-10T20:03:32","modified_gmt":"2019-03-10T20:03:32","slug":"angebotene-therapieformen-9","status":"publish","type":"page","link":"https:\/\/tierheilpraxis-lengerich.de\/?page_id=301","title":{"rendered":"9. Sole-Ionen-Sauerstoff-Inhalation \/ Die Ganzk\u00f6rperinhalation in der mobilen Inhalationskammer"},"content":{"rendered":"\n<p>Das Reizklima des Meeres kann ich Ihnen mit meiner <strong>mobilen Inhalationskammer direkt an den Stall<\/strong> liefern. <\/p>\n\n\n\n<div class=\"wp-block-image\"><figure class=\"alignleft\"><img decoding=\"async\" src=\"https:\/\/tierheilpraxis-lengerich.de\/wp-content\/uploads\/2019\/01\/IMG_20181031_111324-FILEminimizer-225x300.jpg\" alt=\"\" class=\"wp-image-186\"\/><\/figure><\/div>\n\n\n\n<p>Ihr Pferd kann im Anh\u00e4nger, ganz ohne Zwang einer Maske, ein <strong>Sole-Ionen-Sauerstoffgemisch nicht nur \u00fcber die Lunge, sondern auch \u00fcber die Haut inhalieren<\/strong>. Dadurch kann diese Sole-Ionen-Sauerstoff-Therapie nicht nur bei Atemwegserkrankungen, sondern auch bei vielen Hauterkrankungen unterst\u00fctzend wirken. Sauerstoff ist f\u00fcr alle K\u00f6rperfunktionen von essentieller Bedeutung. Somit wird die Regenerationsphase verk\u00fcrzt und das Wohlbefinden verbessert. <\/p>\n\n\n\n<p>Durch diese Eigenschaften ist ein mehrmaliger Besuch in der Inhalationskammer <strong>auch f\u00fcr gesunde (Hochleistungssport-) Pferde sinnvoll und f\u00fchrt zu einer dopingfreien Leistungssteigerung<\/strong>.<\/p>\n\n\n\n<p>Nach jeder Inhalationssitzung sollte der Behandelte seines Gesundheitszustandes entsprechend intensiv bewegt werden. Damit der gel\u00f6ste Schleim wirklich aus dem Atemsystem raustransportiert werden kann und nicht auf halber Strecke wieder eindickt und alles verstopft. Das passende Trainingsprogramm kann ich mit ihnen erarbeiten. (Weiterlesen: <em><a rel=\"noreferrer noopener\" aria-label=\"Trainingsmentoring (\u00f6ffnet in neuem Tab)\" href=\"https:\/\/tierheilpraxis-lengerich.de\/?page_id=346\" target=\"_blank\">Trainingsmentoring<\/a><\/em><a href=\"https:\/\/tierheilpraxis-lengerich.de\/?page_id=346\"> <\/a>)<\/p>\n\n\n\n<p>Nat\u00fcrlich k\u00f6nnen auch andere Tiere (Hund, Katze, Maus) in den Genuss der Sole-Ionen-Sauerstoffanwendung kommen<strong>.<\/strong><\/p>\n\n\n\n<p style=\"text-align:right\">Weiterlesen zur: <a href=\"https:\/\/tierheilpraxis-lengerich.de\/?page_id=245\"> <em>Sole-Ionen-Sauerstoff-Anwendung<\/em><\/a><\/p>\n\n\n<p><!--StartFragment--><\/p>\n<p><!--EndFragment--><\/p>\n<p><!--EndFragment--><\/p>\n<p><\/p>","protected":false},"excerpt":{"rendered":"<p>Das Reizklima des Meeres kann ich Ihnen mit meiner mobilen Inhalationskammer direkt an den Stall liefern. Ihr Pferd kann im Anh\u00e4nger, ganz ohne Zwang einer Maske, ein Sole-Ionen-Sauerstoffgemisch nicht nur \u00fcber die Lunge, sondern auch \u00fcber die Haut inhalieren. Dadurch kann diese Sole-Ionen-Sauerstoff-Therapie nicht nur bei Atemwegserkrankungen, sondern auch bei vielen Hauterkrankungen unterst\u00fctzend wirken. Sauerstoff &hellip; <a href=\"https:\/\/tierheilpraxis-lengerich.de\/?page_id=301\" class=\"more-link\"><span class=\"screen-reader-text\">9. Sole-Ionen-Sauerstoff-Inhalation \/ Die Ganzk\u00f6rperinhalation in der mobilen Inhalationskammer<\/span> weiterlesen<\/a><\/p>\n","protected":false},"author":1,"featured_media":0,"parent":0,"menu_order":0,"comment_status":"closed","ping_status":"closed","template":"","meta":{"footnotes":""},"class_list":["post-301","page","type-page","status-publish","hentry"],"_links":{"self":[{"href":"https:\/\/tierheilpraxis-lengerich.de\/index.php?rest_route=\/wp\/v2\/pages\/301","targetHints":{"allow":["GET"]}}],"collection":[{"href":"https:\/\/tierheilpraxis-lengerich.de\/index.php?rest_route=\/wp\/v2\/pages"}],"about":[{"href":"https:\/\/tierheilpraxis-lengerich.de\/index.php?rest_route=\/wp\/v2\/types\/page"}],"author":[{"embeddable":true,"href":"https:\/\/tierheilpraxis-lengerich.de\/index.php?rest_route=\/wp\/v2\/users\/1"}],"replies":[{"embeddable":true,"href":"https:\/\/tierheilpraxis-lengerich.de\/index.php?rest_route=%2Fwp%2Fv2%2Fcomments&post=301"}],"version-history":[{"count":9,"href":"https:\/\/tierheilpraxis-lengerich.de\/index.php?rest_route=\/wp\/v2\/pages\/301\/revisions"}],"predecessor-version":[{"id":1155,"href":"https:\/\/tierheilpraxis-lengerich.de\/index.php?rest_route=\/wp\/v2\/pages\/301\/revisions\/1155"}],"wp:attachment":[{"href":"https:\/\/tierheilpraxis-lengerich.de\/index.php?rest_route=%2Fwp%2Fv2%2Fmedia&parent=301"}],"curies":[{"name":"wp","href":"https:\/\/api.w.org\/{rel}","templated":true}]}}