{"id":245,"date":"2019-01-01T20:22:00","date_gmt":"2019-01-01T20:22:00","guid":{"rendered":"https:\/\/tierheilpraxis-lengerich.de\/?page_id=245"},"modified":"2019-03-01T04:55:37","modified_gmt":"2019-03-01T04:55:37","slug":"mobile-inhalationskammer","status":"publish","type":"page","link":"https:\/\/tierheilpraxis-lengerich.de\/?page_id=245","title":{"rendered":"Weiteres zur: Mobilen Sole-Ionen-Sauerstoff- Inhalationskammer"},"content":{"rendered":"\n<h3 class=\"wp-block-heading\">Sole-Ionen-Sauerstoffanwendung \/ Die <a href=\"https:\/\/tierheilpraxis-lengerich.de\/?page_id=685\" target=\"_blank\" rel=\"noreferrer noopener\" aria-label=\" (\u00f6ffnet in neuem Tab)\">&#8222;Ganzk\u00f6rper&#8220;-Inhalation<\/a><\/h3>\n\n\n\n<p>Wer kennt das nicht? Viele Personen k\u00f6nnen am Wasserfall, am Meer oder nach dem Gewitter viel besser und tiefer durchatmen. Und die Lungenkranken k\u00f6nnen in diesen Situationen viel leichter den Schleim abhusten.<\/p>\n\n\n\n<p>Dieser Effekt\nentsteht durch mehrere Faktoren. <\/p>\n\n\n\n<ul class=\"wp-block-list\"><li>den Salzgehalt der Luft (<a href=\"https:\/\/tierheilpraxis-lengerich.de\/?page_id=637\">Sole<\/a>), <\/li><li>den <a href=\"https:\/\/tierheilpraxis-lengerich.de\/?page_id=640\">negativgeladenen Ionen<\/a>, die die Luft von Staub, Bakterien etc. reinigen und <\/li><li>einer relativgesehen h\u00f6here <a href=\"https:\/\/tierheilpraxis-lengerich.de\/?page_id=697\">Sauerstoff<\/a>konzentration.<\/li><\/ul>\n\n\n\n<p>Solch ein <strong>Wohlf\u00fchlklima bzw. Reizklima<\/strong> kann ich ihnen mit meiner <strong>mobilen Inhalationskammer direkt an den Stall<\/strong> liefern. Ihr Pferd kann dann im Anh\u00e4nger ganz ohne Zwang einer Maske dieses <strong>Sole-Ionen-Sauerstoffgemisch nicht nur \u00fcber die N\u00fcstern \/ Lunge, sondern auch <a href=\"https:\/\/tierheilpraxis-lengerich.de\/?page_id=685\">\u00fcber die Haut inhalieren<\/a>.<\/strong>   <\/p>\n\n\n\n<h2 class=\"wp-block-heading\">meine Therapiebesonderheiten:<\/h2>\n\n\n\n<p>Je nach Krankheit werde ich verschieden stark konzentrierte, laborgepr\u00fcfte Solekonzentrationen einsetzen. Mit meiner Ger\u00e4tekombination der Firma OxygenConcept k\u00f6nnen unter Absprache mit dem Tierarzt auch andere Medikamente lungeng\u00e4ngig vernebelt bzw. inhaliert werden.<\/p>\n\n\n\n<p>Um die\nk\u00f6rperliche Belastbarkeit im Auge zu behalten ist eine intensive Betreuung\nw\u00e4hrend der Inhalation wichtig.<\/p>\n\n\n\n<p>F\u00fcr einen nachhaltigen Nutzen ist erfahrungsgem\u00e4\u00df mindestens eine 5-malige Anwendung  n\u00f6tig.<\/p>\n\n\n\n<p>Nach jeder Inhalationssitzung sollte der Behandelte seines Gesundheitszustandes entsprechend intensiv bewegt werden. Damit das gel\u00f6ste Sekret wirklich aus dem Atemsystem raustransportiert werden kann und nicht auf halber Strecke wieder eindickt und alles verstopft. Das passende <a href=\"https:\/\/tierheilpraxis-lengerich.de\/?page_id=346\" target=\"_blank\" rel=\"noreferrer noopener\" aria-label=\" (\u00f6ffnet in neuem Tab)\">Trainingsprogramm<\/a> kann ich mit Ihnen erarbeiten.<\/p>\n\n\n\n<p style=\"text-align:right\">Weiterlesen: <a href=\"https:\/\/tierheilpraxis-lengerich.de\/?page_id=646\"><em>Wieso hat die Sole-Ionen-Sauerstoff-Inhalation ein gro\u00dfes Anwendungsspektrum?<\/em><\/a><\/p>\n\n\n\n<p style=\"text-align:right\">Weiterlesen: <a href=\"https:\/\/tierheilpraxis-lengerich.de\/?page_id=658\"><em>Atemwegserkrankungen bei Pferden<\/em><\/a><\/p>\n\n\n\n<p><\/p>\n","protected":false},"excerpt":{"rendered":"<p>Sole-Ionen-Sauerstoffanwendung \/ Die &#8222;Ganzk\u00f6rper&#8220;-Inhalation Wer kennt das nicht? Viele Personen k\u00f6nnen am Wasserfall, am Meer oder nach dem Gewitter viel besser und tiefer durchatmen. Und die Lungenkranken k\u00f6nnen in diesen Situationen viel leichter den Schleim abhusten. Dieser Effekt entsteht durch mehrere Faktoren. den Salzgehalt der Luft (Sole), den negativgeladenen Ionen, die die Luft von Staub, &hellip; <a href=\"https:\/\/tierheilpraxis-lengerich.de\/?page_id=245\" class=\"more-link\"><span class=\"screen-reader-text\">Weiteres zur: Mobilen Sole-Ionen-Sauerstoff- Inhalationskammer<\/span> weiterlesen<\/a><\/p>\n","protected":false},"author":1,"featured_media":0,"parent":0,"menu_order":0,"comment_status":"closed","ping_status":"closed","template":"","meta":{"footnotes":""},"class_list":["post-245","page","type-page","status-publish","hentry"],"_links":{"self":[{"href":"https:\/\/tierheilpraxis-lengerich.de\/index.php?rest_route=\/wp\/v2\/pages\/245","targetHints":{"allow":["GET"]}}],"collection":[{"href":"https:\/\/tierheilpraxis-lengerich.de\/index.php?rest_route=\/wp\/v2\/pages"}],"about":[{"href":"https:\/\/tierheilpraxis-lengerich.de\/index.php?rest_route=\/wp\/v2\/types\/page"}],"author":[{"embeddable":true,"href":"https:\/\/tierheilpraxis-lengerich.de\/index.php?rest_route=\/wp\/v2\/users\/1"}],"replies":[{"embeddable":true,"href":"https:\/\/tierheilpraxis-lengerich.de\/index.php?rest_route=%2Fwp%2Fv2%2Fcomments&post=245"}],"version-history":[{"count":24,"href":"https:\/\/tierheilpraxis-lengerich.de\/index.php?rest_route=\/wp\/v2\/pages\/245\/revisions"}],"predecessor-version":[{"id":1127,"href":"https:\/\/tierheilpraxis-lengerich.de\/index.php?rest_route=\/wp\/v2\/pages\/245\/revisions\/1127"}],"wp:attachment":[{"href":"https:\/\/tierheilpraxis-lengerich.de\/index.php?rest_route=%2Fwp%2Fv2%2Fmedia&parent=245"}],"curies":[{"name":"wp","href":"https:\/\/api.w.org\/{rel}","templated":true}]}}